 q.
23
Let m be ((-10)/(-12))/(9/54). What is the greatest common divisor of 1 and m?
1
Let u be (2 - 5)*(-34)/(-6). Let m = u + 18. What is the highest common factor of m and 1?
1
Let t be -3 - -1 - 3*-3. Suppose -q = 5*s - 12, 4*q + q = -s + 36. Calculate the greatest common divisor of t and q.
7
Let h be 1603/21 + ((-4)/3 - -2). What is the greatest common divisor of h and 7?
7
Suppose 0 = -13*h + 15*h - 240. Suppose 0 = 5*z - 79 + 19. What is the highest common factor of z and h?
12
Let l(n) = 2*n**2 - n + 18. Let z be l(9). Calculate the highest common factor of z and 19.
19
Let d = 7 + -9. Let g(n) = -28*n + 1. Let c be g(d). Calculate the greatest common divisor of 38 and c.
19
Suppose -10*f + 565 + 595 = 0. What is the highest common factor of f and 174?
58
Let x be 0 + 11*(-1 + 2). Let u be (119/17)/(3/(66/2)). What is the highest common divisor of x and u?
11
Let i(n) = 2*n**2 - 7*n - 6. Let d be i(-6). Let k(f) = -2*f + 2. Let q be k(-2). Let x = q - -6. What is the greatest common factor of x and d?
12
Suppose -2*s = 2*s - 12. Suppose 0 = -7*c + s*c + 168. Let v(j) = 4*j - 34. Let n be v(12). Calculate the highest common factor of c and n.
14
Suppose 0*z - 210 = -2*z. What is the greatest common factor of 15 and z?
15
Let y be -1 + (-4)/((-4)/(-2)). Let r = 10 - y. Suppose 4*w = -0*w + 156. Calculate the greatest common divisor of w and r.
13
Let n be 2/((-24)/(-10) - 2). Suppose -61 = -n*y + 4. Calculate the highest common divisor of y and 26.
13
Let r = -163 + 199. Suppose -3*o = -o - d - 9, -d = 1. What is the greatest common factor of o and r?
4
Suppose -2*f + 210 = 3*f. What is the highest common divisor of f and 294?
42
Let k be (-2)/(-11) + 1050/33. What is the greatest common factor of 320 and k?
32
Let m be -1 + (3 + -1 - -1). What is the highest common factor of 4 and m?
2
Let j(y) = 2*y + 0 + y**2 - 3*y**2 + 3 + 11*y**3 - 6. Let l be j(2). Calculate the highest common factor of 9 and l.
9
Let g = 29 + -18. Let r = 2 + 35. Let n = r + -26. Calculate the highest common factor of n and g.
11
Suppose 1 = -5*d + 11. Suppose 3*p = d*x + 40, p + x - 15 = 2*x. What is the highest common factor of p and 30?
10
Let x = 1 + -2. Suppose -2 = -4*h - 5*d + 3*d, -4 = -4*d. Let c be x + 20 - (h - 2). Calculate the greatest common factor of 7 and c.
7
Suppose n = -2*n + 105. Let c = 25 + -18. What is the highest common factor of n and c?
7
Suppose -4*v - 12 = 0, -2*c + 9 - 3 = 2*v. Let s = -1 + c. Let a be 16/(-24)*6*(-10)/8. Calculate the greatest common factor of a and s.
5
Suppose -6*h + 4*b + 8 = -4*h, h = -3*b - 6. Suppose -q + 30 = 5*n, h = -5*q - 3*n + 9 + 53. What is the highest common divisor of q and 10?
10
Suppose 9 = 5*z - 1. Suppose -5*g - 2*f + 25 = f, -g = -f - 5. Suppose g*r - z*a - 50 = -6*a, 4*r = -5*a + 40. What is the greatest common factor of 80 and r?
10
Let u(h) = -h**2 - 3*h + 3. Let b be u(-3). Suppose -4*m - b*k + 245 = 0, -5*k = 3*m - 0*m - 181. What is the highest common factor of m and 155?
31
Let x be -3*(-1 + -1 + 1). Suppose -153 = -4*u - 2*o - 55, 0 = -x*u - 5*o + 77. Calculate the highest common divisor of u and 3.
3
Let l be 23 + (3 + -7)/4. Suppose 0 = 4*s - 6*d + 2*d - 100, -5*d = -4*s + 103. Calculate the greatest common divisor of l and s.
22
Let n be (-1)/(1/(-4)) - -2. Let x = -14 - -20. What is the greatest common factor of n and x?
6
Suppose -b = -3*b + 20. Suppose 1 = -s + 3. Suppose 0 = s*y - 38 - 2. Calculate the highest common factor of y and b.
10
Let n = -3 + 5. Suppose 0 = -3*j - 0*i - i + 337, 0 = -n*j - 3*i + 227. Calculate the highest common divisor of 16 and j.
16
Let q be (-27)/(-4) - (-6)/24. Suppose h - 1 = -5*p + 2*p, 11 = -3*h - 2*p. Let s be 76/1 - (h + 4). Calculate the highest common factor of s and q.
7
Let g(v) = -6*v - 3. Let u be g(-2). Let r = u - -1. Let x be 9/(-6)*-1*r. What is the highest common divisor of x and 60?
15
Suppose 3*m = -0*m + 3. Let z = m - -7. What is the greatest common factor of z and 8?
8
Suppose -3*i + 8 = 23. Let t = i - -9. Let k = -31 + 67. What is the greatest common divisor of k and t?
4
Let s be -3 - -7 - 0/(-3). What is the greatest common divisor of 16 and s?
4
Let c be (-4)/(-14) - 488/(-56). Calculate the highest common factor of 27 and c.
9
Let r(b) be the first derivative of -b**3/3 + 3*b**2/2 - 3. Let y be r(3). Let v = 2 - y. Calculate the greatest common divisor of v and 5.
1
Let u be -4 + (120 - 4)/1. What is the highest common divisor of u and 280?
56
Suppose 0 = t + 6*t - 399. What is the greatest common factor of 3 and t?
3
Let j(y) = 2*y**2 - 5*y - 1. Let a be j(5). Let u = -14 + a. What is the greatest common divisor of 10 and u?
10
Let j(s) = 35*s**2 - 5*s + 6. Let h(w) = -17*w**2 + 2*w - 3. Let l(i) = -13*h(i) - 6*j(i). Let z be l(-3). What is the greatest common factor of z and 36?
18
Suppose -2*t - 3*t = -15, 0 = 5*y + 3*t - 9. Suppose y*o = o - 2. Suppose j = 4*x, -5*x + x = -2*j + 4. Calculate the greatest common factor of o and j.
2
Let o(t) = 2*t**2 - t. Let p be o(-1). Let b = 11 - 10. What is the greatest common divisor of p and b?
1
Let h(z) = -z**3 + 6*z**2 + 5*z + 4. Let i be h(6). Let g = 71 + -92. Let l = g + i. Calculate the greatest common divisor of l and 65.
13
Let z(x) = -x**2 + 12*x + 13. Let m be z(13). Suppose m*v + 17 = v. Calculate the highest common factor of v and 119.
17
Let m be 12/15*45/2. Suppose -1 = -3*y + 5. Let o = m + y. Calculate the greatest common factor of o and 4.
4
Let l be (-126)/(-12) + 9/6. Suppose 0 - 33 = -3*s. Let h = s - 7. What is the greatest common factor of h and l?
4
Suppose -11 + 6 = -k. Let n = k + -2. Let b be 4/(-6) + 50/n. Calculate the highest common divisor of b and 8.
8
Suppose -3 + 399 = 4*q. Calculate the highest common factor of q and 9.
9
Suppose f + f = 38. Suppose 2*w + 38 = 2*i - 2*w, i = -5*w + 19. What is the greatest common divisor of f and i?
19
Let j be 1/((-92)/(-44) + -2). What is the greatest common factor of j and 77?
11
Let z(j) = -j**3 - 4*j**2 + j - 2. Let f be z(-4). Let g(x) = -x**3 - 7*x**2 - 7*x - 3. Let l be g(f). What is the greatest common divisor of 12 and l?
3
Let i be 2 + -2 + 3 - -8. What is the highest common factor of 44 and i?
11
Suppose -5*l = -62 + 12. Let q(u) = -u**2 + 16*u + 32. Let o be q(17). Calculate the greatest common factor of l and o.
5
Suppose 2*g - 27 = 37. Calculate the highest common factor of g and 352.
32
Suppose 5*g - 15 + 41 = 2*r, -5*g - 11 = 3*r. Let l(i) = 2*i**2 + 6 - r*i**2 + 2*i**2 - 2*i. Let y be l(4). Calculate the highest common factor of 7 and y.
7
Suppose 5*a + 84 = v, a + 8 = 3*v - 20. Let b = -9 - a. Let w be ((-5)/(-2))/((-2)/(-28)). Calculate the greatest common factor of w and b.
7
Let f(w) = 3*w**2 + 1 + 1 - 4. Let d be f(2). Suppose -88*x - 20 = -89*x. What is the greatest common divisor of d and x?
10
Let c(w) = 13*w**2 + 4*w + 2. Let v be c(-2). What is the greatest common factor of v and 23?
23
Suppose 0 = a - 3 - 6. Suppose 0*k - 4*k - g + 326 = 0, 0 = -k - 5*g + 72. Let n = k + -46. What is the highest common factor of n and a?
9
Suppose 24 = 3*m - m. Let c = -24 + 36. Calculate the highest common divisor of m and c.
12
Let u = -2 + 4. Let y be (-4)/(-1)*(4 - u). Let r be 35 - (0 - (1 - 4)). Calculate the highest common divisor of y and r.
8
Let x(u) = u**3 - 3*u**2 - 6*u + 6. Let m be x(5). Let k = -1 + m. Calculate the greatest common divisor of 75 and k.
25
Let m(k) = -3*k - 3. Let q be m(-2). Suppose -8 - 1 = -q*u. Suppose n + 10 = u*n. What is the highest common divisor of 15 and n?
5
Let h = 1 + 0. Let s = 4 - h. Suppose s*x - 11 = -2. What is the greatest common divisor of 9 and x?
3
Suppose -m = -5*y - 25 + 6, -y - 6 = 2*m. Let g be ((-12)/(3/3))/m. Let o be (12/(-10))/(2/(-60)). Calculate the greatest common factor of o and g.
12
Let n(v) = 2*v**3 - 5*v**2 + 12*v - 20. Let b be n(6). What is the highest common factor of 38 and b?
38
Let o = -7 + -9. Let k = o - -27. What is the greatest common factor of k and 88?
11
Let b be 1 + 179 - (-4)/1. Calculate the greatest common factor of 23 and b.
23
Suppose 4*b + 134 = -146. Let f = -22 - b. Let q be -60*(32/(-10) + 2). Calculate the greatest common divisor of f and q.
24
Suppose 5*u - 95 = 5*f, 5*u + 5*f = -0*f + 75. Let y(l) = l**3